-5*j + 4647 = 3*a - 6226, a + 3*j - 3627 = 0. List the prime factors of a.
3, 17, 71
Let b be (3 - 28/8)/((-5)/30). Let w be (4/(-6))/(2/(-18)). What are the prime factors of ((-9)/w)/(b/(-50))?
5
Let h = -1284 - -2274. List the prime factors of h.
2, 3, 5, 11
Let v = -11 - -13. Suppose -3*i - j - 1 = 0, -5*i + 0*i - v*j - 2 = 0. Suppose i = 2*q - 81 + 15. List the prime factors of q.
3, 11
Let u be ((-8)/12)/(1/(-6)). Let r = 7 - u. What are the prime factors of r/18 - 58/(-12)?
5
What are the prime factors of 3*4249/35 - (-8)/10?
5, 73
What are the prime factors of 834/13 - 14/91?
2
Let f(p) = -p**3 - 4*p**2 - 5*p - 4. Let k be f(-3). Let m = -5 + k. What are the prime factors of (-8)/(-6)*m/(-2)?
2
Suppose -2*u - 2*u + 2*p + 3126 = 0, 4*p = -4*u + 3108. What are the prime factors of u?
2, 3, 5, 13
Let j = 7 + -3. Let i be (-2)/j*-38 + 1. What are the prime factors of (5/i)/(2/104)?
13
Let k be (-199)/(-5) - 1/(-5). Suppose 0 = -11*c + 13*c - 36. Suppose 4*j - 3*m - 36 = k, m + c = j. List the prime factors of j.
2, 11
Let p(q) = -2*q**3 - 8*q**2 - 2*q - 4. Let o be p(-6). Suppose 5*x = x + o. What are the prime factors of x?
2, 19
Let c(u) = u**2 + 6*u + 10. Let v be c(-5). Let a be (28/5)/1*v. What are the prime factors of (a - -2)/(7 + -6)?
2, 3, 5
Let b(c) = -c + 3. Let d be b(-4). What are the prime factors of (d + -1)/(6/57)?
3, 19
Suppose 17*f = -18*f + 59920. What are the prime factors of f?
2, 107
Let z(r) = r**2 - 9*r + 99. Let v(n) = n - 1. Let h(g) = 6*v(g) + z(g). What are the prime factors of h(0)?
3, 31
Let m be (-4)/(-12)*-1 + (-75)/(-9). Suppose 3*s - 1 = m. What are the prime factors of s?
3
Let n(w) = 3*w + 2*w - 1 - w. Let q be n(1). Suppose -q*i + 14 = -10. List the prime factors of i.
2
What are the prime factors of (-199719)/(-270) + 9/30?
2, 5, 37
Let s(h) = -4*h**3 + h**2 + 2*h + 9. Let i be s(-3). Let f = i - -5. List the prime factors of f.
5
Suppose -286*i - 2015 = -291*i. What are the prime factors of i?
13, 31
Let r be (1 - 1)/((-3)/3). Let x be (-3)/(20/4 + -6). Suppose k - 4*c - 1 = r, -5*c + 57 = x*k + 3. What are the prime factors of k?
13
Let v(c) = 89*c**3 - 44*c**3 - 4 + 3*c - 37*c**3. List the prime factors of v(2).
2, 3, 11
Let b(y) = y**2 + 3*y - 9. Let o be b(-6). Suppose 3*l + o - 108 = 0. What are the prime factors of l?
3, 11
Suppose 65 = h + 4*o, 4*h - 5*o - 141 = 119. Let g = h + 29. List the prime factors of g.
2, 47
Let k(t) = 76*t + 275. List the prime factors of k(24).
2099
Let d(b) = 3*b**2 + 43*b + 434. What are the prime factors of d(-28)?
2, 7, 113
Suppose 2*y - 4*j = 9030, -5*y - 24*j + 27*j = -22610. List the prime factors of y.
5, 181
Let f be (-4)/(-16) + (-1455)/12. Let t = f + 400. List the prime factors of t.
3, 31
Let q be 18*(65/(-10) - -2). Let j = q - -410. List the prime factors of j.
7, 47
Suppose -461 + 157 = -2*s. Suppose 0 = 5*w - 18 - s. What are the prime factors of 79/9 + w/153?
3
Suppose 17*o - 16*o = -3*w + 2254, -4*w + 11325 = 5*o. What are the prime factors of o?
2269
Let x(g) be the third derivative of g**5/60 + g**4/4 - 3*g**3 - 23*g**2. What are the prime factors of x(12)?
2, 3, 11
Suppose 6 = -2*z - 0*z. Let d be 4 - (z/(-1) + -2). Let g = d + 5. What are the prime factors of g?
2
Suppose 2*y = 5*p - 13, p + 59 = -0*y - 4*y. Let m be 2/y - 14/(-98). Suppose m = -5*u + 5*i + 35, u - 19 = -4*i + 13. What are the prime factors of u?
2, 3
Let q(h) = -h**3 - 7*h**2 - 9*h + 1. Let v be q(-7). Suppose 4*s - v = 120. What are the prime factors of s?
2, 23
Let i(z) = -8*z + 9. Let k be i(3). What are the prime factors of 358*(k/6 - -3)?
179
List the prime factors of 9/(-54) + 2042/12.
2, 5, 17
What are the prime factors of ((-1467)/(-12))/(((-609)/(-112))/29)?
2, 163
Suppose 2*g = -2*h + 3736, 0 = 9*h - 6*h - 4*g - 5590. What are the prime factors of h?
2, 3, 311
Let m = -38 + 756. List the prime factors of m.
2, 359
Let h = 499 + -131. Suppose 12*b - 16*b + h = 0. What are the prime factors of b?
2, 23
Let m(o) = 3*o + 2. Let b be m(0). Let x = 2 + b. List the prime factors of (x + 22)/((-4)/(-6)).
3, 13
Let q(n) = -n**3 + 8*n**2 - n + 12. Let o be q(8). Let r = 77 + -16. Suppose -m = -3*s + r, 31 = o*s - m - 49. What are the prime factors of s?
19
Let x = -28 - -229. List the prime factors of x.
3, 67
Let j be (-140)/(-25) - 9/15. Suppose -i + 12 = 4*o, 0 = j*o + 5*i - 3*i - 15. Suppose -o*h - 22 = -5*h. List the prime factors of h.
11
Suppose 5*o + 0*o = 0. Let a = o + 12. List the prime factors of a.
2, 3
Let r = -631 - -386. Let y = r + 349. What are the prime factors of y?
2, 13
Let w = 242 + -204. List the prime factors of w.
2, 19
Suppose -5*w - 3 + 11 = -d, -4*w + 2 = -3*d. Suppose -w*x - 298 = -4*l, -4*x = -l + 4*l - 207. What are the prime factors of l?
73
Suppose -4*c + 3*c - 27 = 0. Let n = 51 + c. Suppose -5*l + l = -n. What are the prime factors of l?
2, 3
Suppose 0 = -6*p + 12*p - 24. Let i = p - -20. What are the prime factors of i?
2, 3
Suppose 64*b = 61*b + 3576. What are the prime factors of b?
2, 149
Suppose 0 = 5*d + 2*n - 27, n + 1 + 3 = 0. What are the prime factors of 14160/112 + (2 - 17/d)?
2, 3, 7
Suppose -2*i = 2*i + 4, -2*g = -2*i + 208. Let a = g - -202. List the prime factors of a.
97
Let f be (-1 - 0)*-13 - -2. Let k be 0 - 4/((-12)/f). Suppose k = -p - 5*d, 4*p + 6 = d + 49. List the prime factors of p.
2, 5
Let i(q) = -8*q**2 + 2*q - 1. Let v be i(2). Let l(c) = -c**3 - c**2 + 2*c - 6. Let r be l(0). Let s = r - v. List the prime factors of s.
23
Let b = 534 + -235. What are the prime factors of b?
13, 23
Suppose 2*r - r - s - 751 = 0, -s = -3. What are the prime factors of r?
2, 13, 29
Let d = -8 + -4. List the prime factors of d/(-18) - 92/(-6).
2
Let s(v) = -2*v**2 + 13*v + 13. Let t(x) = x**2 - 7*x - 6. Let p(y) = -2*s(y) - 5*t(y). Let f be p(7). Suppose -32 = -5*z + f. List the prime factors of z.
2, 5
Let b(p) = -12 + p**3 + p - 13*p - 10*p**2 - 11*p. Let o be b(12). List the prime factors of o - 52/(-4)*3.
3, 13
Suppose l = -2*f + 13, -4*f - l = 3*l - 16. Let t = 0 + f. What are the prime factors of (-12)/(-54) + 97/t?
11
Let r(l) = -3*l - 22. Let b be r(-8). Suppose b*t + 722 = 176. What are the prime factors of 96/(-14)*t/26?
2, 3
Suppose -2*s + 2*x + x = -686, x = 4*s - 1382. What are the prime factors of s?
2, 173
Suppose -24*f + 16*f + 1560 = 0. What are the prime factors of f?
3, 5, 13
Suppose -2*p - 3 = -9, 2*o + p - 2037 = 0. What are the prime factors of o?
3, 113
Let n = 64 - 62. Suppose 0 = -n*m + 77 + 113. List the prime factors of m.
5, 19
Let m(l) = -6*l**3 + 26*l**2 - 2*l + 3. Let g(o) = 5*o**3 - 25*o**2 + 3*o - 4. Let t(a) = -7*g(a) - 6*m(a). List the prime factors of t(-19).
181
Let w be (-5 + 23/6)/(2/(-12)). Let i(q) be the first derivative of q**4/4 - 5*q**3/3 - 11*q**2/2 + 9*q - 1. List the prime factors of i(w).
2, 3, 5
List the prime factors of (6/(-4))/(-6 + (-5155)/(-860)).
2, 3, 43
List the prime factors of ((-583)/(-3))/(-5*2/(-30)).
11, 53
Let k(f) = -f**2 - 5*f + 8. Let s be k(-6). Suppose -s*y + 3*y = -3*b - 122, -146 = 3*b - 5*y. Let n = 63 + b. List the prime factors of n.
3, 7
Let g = 3 + -6. Let d(p) = 9 - 2*p**2 - p**3 - 11 + 2*p**2. What are the prime factors of d(g)?
5
Let m(w) = 3*w**2 - 10*w + 24. Let o be m(6). What are the prime factors of (o/14)/(1/28*1)?
2, 3
Let h = 9 + -5. Suppose 0 = -3*a - 2*v - 8, 4*a + h*v - 3 = -15. Let f(b) = -b**3 - 2*b - 3. List the prime factors of f(a).
3
Suppose 13*k = 12*k + 152. Let u = 330 - k. What are the prime factors of u?
2, 89
Let c = 282 + -144. List the prime factors of c.
2, 3, 23
Let m = 133 - 87. Suppose 5*k + 16 = -5*y + m, 2*y = -k + 7. Suppose 2*o = -k*s + 260, 0*s - 2*o = -2*s + 118. List the prime factors of s.
2, 3
Let r be ((-55)/4)/(4/(-32)). Let o = r + -94. What are the prime factors of o?
2
Let x = 34 + -18. Let b be x/9 + 2/9. Suppose b*d + 2*z + 32 = 3*d, 115 = 5*d + 5*z. List the prime factors of d.
2, 13
Let c = 37 + -35. Suppose 3*d - 443 = -c*g, -3*d = -8*d - 2*g + 733. What are the prime factors of d?
5, 29
Let i = 33 - 35. What are the prime factors of (4/1 + i)/(4/66)?
3, 11
Suppose -3864 = -24*p + 2544. What are the prime factors of p?
3, 89
Let z be -116 + 2 + 1 + 5. Let v = 369 + z. List the prime factors of v.
3, 29
